c. What is the tens digit of c?
8
Let m = 1449 + -522. What is the tens digit of m?
2
Suppose -3*z - 2*z + 4 = u, 5*u = -5. Let s be (0 - -2 - -3)*z. Let h(f) = -f**3 + 8*f**2 - 4*f - 3. What is the units digit of h(s)?
2
Let t(z) = z**3 - 21*z**2 - 42*z + 15. Let s be t(23). Let u = 81 - s. Let f = u + 101. What is the tens digit of f?
7
Let h(c) = 2*c**2 - 9*c + 25. Let z be h(-32). Suppose -9*y + z = -2265. What is the hundreds digit of y?
5
Let o be 2/(-3)*(-306)/4. Suppose -5*y - 2*v + o + 62 = 0, 4*v + 47 = 3*y. Suppose 0 = -22*s + y*s + 104. What is the hundreds digit of s?
1
Suppose -2*b - w = -13825, 5*b + 8*w - 34595 = 12*w. What is the hundreds digit of b?
9
Suppose -1088 = 3*f - f. Let c = f + 1376. What is the tens digit of c?
3
Let r(b) = -b**3 - b**2 - 9*b - 9. Let v be r(-4). Suppose -13950 = -11*x + v. What is the hundreds digit of x?
2
Suppose -88*s - 20 = -84*s. What is the units digit of (-4 - -34)/(s/(-30))?
0
Suppose -28046 = -2*q - 202*y + 198*y, -2*y - 70067 = -5*q. What is the thousands digit of q?
4
Let a(k) = -4834*k - 5349. What is the units digit of a(-4)?
7
Suppose m - 396*l = -394*l + 16138, -m = 2*l - 16146. What is the tens digit of m?
4
Suppose 0 = 6*q - 2*q + 3*p - 51571, 5*q = 4*p + 64456. What is the thousands digit of q?
2
Let h be (-4)/(7 + (-60)/8). What is the units digit of h/3*((-3256)/(-16) - -11)?
2
What is the units digit of (-47926)/(-7) - (6 + 225/(-35))?
7
Suppose 3*i = -0*i + m - 41, 0 = i + m + 7. Let g be -393*2/i*4. What is the hundreds digit of 4/6*(-1 + g)?
1
Suppose -7*o = 9*o - 9600. Suppose 5*y - o = -5*n, n + 0*y + 2*y = 116. What is the hundreds digit of n?
1
Suppose 81*x = -14*x + 48070. What is the hundreds digit of x?
5
Let u(b) = -14*b**3 + 24*b**2 - 13*b + 58. What is the hundreds digit of u(-8)?
8
Let z = 256 + -148. Let x(q) = 106 - z - 3*q**2 - 3*q**3 + q**2 + 4*q**3. What is the units digit of x(3)?
7
Let j(a) = a**2 + 7*a + 22. Suppose -33 = -o - 38. Let f be j(o). What is the hundreds digit of ((-1086)/(-15) - -2)*40/f?
2
Suppose -5*v + 0*n = -n - 3222, -3*v + 1938 = -3*n. Suppose 0 = 4*y - 116 - v. What is the units digit of y?
0
Let q(u) = 17*u**2 - 101*u + 2798. What is the thousands digit of q(38)?
3
Let m = -597 - -945. Let y = m - -288. What is the units digit of y?
6
Let q = 340 + -483. What is the hundreds digit of ((-16)/4 + q/2)*-6?
4
Suppose -3*l + 12 = -2*j, 16 = -j - 0*l - l. Let t be (-3)/j + (-7)/28. Suppose t = -7*r + 2*r + 620. What is the tens digit of r?
2
Suppose d = 4*w, 3*w = -2*d + 3*d. Suppose j - 1 = -d*j, 0 = -2*s - 3*j - 11. Let a(z) = -23*z + 41. What is the hundreds digit of a(s)?
2
Suppose 49*k - 56856 = -20155. What is the hundreds digit of k?
7
Let z(i) = -i**3 - 13*i**2 - 10*i + 27. Let p be z(-12). Suppose 204 = p*m - 4*m. What is the units digit of 1*1*m/(-3)?
8
Suppose -2*m - 3*m + 295 = 3*b, 2*b - 3*m = 184. Let j = b - 169. Let y = 257 + j. What is the hundreds digit of y?
1
Let s be (9 + -3)*((-2)/3 + 0). Let a(f) = 44*f**2 + 22*f + 101. What is the units digit of a(s)?
7
Let z be 12/10 + (-806)/155. What is the units digit of 7 - (-1738)/15 - z/30?
3
Let v = -26656 - -66401. What is the ten thousands digit of v?
3
Let w = 22 + -5. Suppose 4*h + 4*o - 99 - w = 0, -h - 2*o = -32. Suppose 2*b - h = 236. What is the tens digit of b?
3
Let b(v) = -6*v**3 - 3*v**2 + 20*v + 72. What is the thousands digit of b(-6)?
1
Let v(k) = 2*k**3 - 5*k**2 + k + 4. Let b be v(2). Suppose b*x + 2*p - 2102 = 4*p, -5*p + 1021 = x. What is the hundreds digit of x?
0
Suppose 9*f - 35*f - 36783 = -307911. What is the ten thousands digit of f?
1
Suppose 13*x = 4012 + 1305. Let t = -264 + x. What is the hundreds digit of t?
1
Let r = 8294 - 4868. What is the tens digit of r?
2
Suppose -3*f - 2*f = -175. Let s be f/(-15) - (-4)/(-6). What is the units digit of (-7*14)/(s + 2)?
8
Suppose -8334 = -3*k - 3*l, 13*k - 16*k + 8335 = 2*l. What is the tens digit of k?
7
Suppose 4*n = 8, -3*t + 2*t = 5*n - 10. Suppose -f = 2*h - 24 - 6, t = -5*f - h + 168. What is the units digit of f?
4
Suppose 3*n - 64854 = -4*v, -16415 + 193 = -v - 5*n. What is the units digit of v?
2
Let x(y) = 2*y**2 + 5*y - 1. Let o be x(-3). What is the units digit of (-14469)/(-84) + o/(-8)?
2
Let y be 33/(3*(-7)/(-21)). Suppose -3442 + 340 = -y*w. What is the tens digit of w?
9
Let z be 2 + -7 - 1/((-3)/23367). What is the tens digit of (-32)/(-176) + z/22?
5
Suppose -5*h - 9*h + 12*h = 0. Suppose 4*d - 2454 + 46 = h. What is the hundreds digit of d?
6
Let h = 104 - 102. Suppose -h*q - 3*q - 548 = -3*k, 0 = -2*q + 4. Suppose 0 = 52*a - 55*a + k. What is the units digit of a?
2
Let j = 135 - 131. Suppose 0 = 5*t + o - 15425, 12331 = j*t - 0*t - o. What is the units digit of t/16 - (2 - (-36)/(-16))?
3
Let q be (-42)/(-2) - (10 + -6 - 3). What is the hundreds digit of 5/25 - (-86)/q*56?
2
Suppose 4*a + 113 = 5*s, 31 = s - 5*a + 7*a. Suppose i - s = 6*i, -2*r = -3*i - 141. What is the tens digit of r?
6
Let r be 6/(-9)*(13 - 12)*(-138)/(-4). Let x be (-2)/(-1) - (-160)/(-2). Let p = r - x. What is the units digit of p?
5
Suppose -4 = 2*h, -2220 = -4*a - h - h. Suppose -5*z + 2*b + a = 0, -3*b = -5*b + 4. What is the units digit of z?
2
Suppose 326*x - 654*x - 129332 = -356*x. What is the tens digit of x?
1
Suppose 3*k = 0, 0 = -125*u + 121*u - 2*k + 47824. What is the thousands digit of u?
1
Let r(o) = 7*o - 5. Let x be r(1). Suppose 28 = x*l + 4*j, -3*l + 3*j + 2*j = 2. What is the hundreds digit of (0 + (-357)/l)*(3 - 5)?
1
Let x(b) = 15*b + 56. Let h be x(-4). What is the tens digit of (494/(-4) - 3)/(h/48)?
1
Suppose -5*k + 23*n + 67162 = 29*n, 26866 = 2*k + 2*n. What is the units digit of k?
6
Let u(m) = -m**3 - 20*m**2 - 28*m - 39. Let b be u(-18). Let x = 18 - b. What is the units digit of x?
1
Let q(m) = 2*m**3 - 4*m + 3. Let k be q(2). Suppose -k*n - n = -36. Suppose 133 + 53 = n*r. What is the units digit of r?
2
Let k(l) = 21*l**2 + 79*l + 574. What is the tens digit of k(31)?
0
Suppose 5*n - 37 = 2*o, 2*n + n + 9 = -4*o. Let q(x) be the first derivative of -x**4/4 - 5*x**3/3 - 3*x**2/2 + x - 4. What is the units digit of q(o)?
5
Let p = 767 - 766. Let j(q) = 1191*q - 24. What is the tens digit of j(p)?
6
Let q(l) = 57*l - 3. Let c be (-108)/(-26) + 10/(-65). Let n be q(c). Suppose -d - 24 = -5*w + 207, -5*w = 5*d - n. What is the tens digit of w?
4
Let w = 343 + -40. Suppose u = -0*u + 2. Suppose u*g - 206 = -2*c, -3*g - c + 0*c + w = 0. What is the units digit of g?
0
Let d be (20/18)/5 + 135416/72. Suppose d = 3*v - 1152. What is the thousands digit of v?
1
What is the hundreds digit of 244058/12 - 178/1068?
3
What is the hundreds digit of 33798/6 - (-3 + (-5 - -9))?
6
Suppose -t + i + 328 = -0*t, -t = -4*i - 328. Let v be t/(4 - 3) + -4. Suppose 7*m - v - 523 = 0. What is the tens digit of m?
2
Suppose 17*y + 3122 = 10*y. Let q = -26 - y. What is the units digit of q?
0
Let x(n) = 12*n**3 - 5*n**2 + 13*n - 25. Let b be x(3). Suppose 3*y - b = 1039. What is the units digit of y?
4
Let w = 2494 + -667. Suppose 4*q + w = 13*q. What is the tens digit of q?
0
Suppose 341288 - 3704600 = 280*w - 17087792. What is the hundreds digit of w?
0
Suppose 387 = -6*x - 141. Let o = 43 + x. Let i = 195 + o. What is the hundreds digit of i?
1
Suppose -5*j - 4*a = -6*j - 24, 3*j - 3*a + 54 = 0. Let l(p) = 6*p**2 - 7*p - 125. What is the units digit of l(j)?
3
Suppose -g + 46 = 43. What is the tens digit of ((-11)/g - -3)/(4/(-1482))?
4
Let g = 3608 - -16022. What is the hundreds digit of g?
6
Suppose -5*r + 1328460 = 10*r + 13*r. What is the ten thousands digit of r?
4
Let r be 15 + 4 - ((-6)/(-3) + 0). Suppose -w = -3, 6*w - w = -d + r. Suppose d*g = 5*f + 171, -4*g - f + 306 = f. What is the units digit of g?
8
Let k = 102 - 59. Let r = -51 + k. What is the hundreds digit of r/(-8)*230/2?
1
Let p(l) = -192*l**2 - 2*l - 6. Let q be p(-2). Let b = q + 1668. What is the units digit of b?
8
Let b = -394 + 754. Suppose -y + o = -95, -4*y + 10*o + b = 11*o. What is the units digit of y?
1
Suppose -71*o + 669064 = 40714. What is the thousands digit of o?
8
Suppose -2*j = -2*t - 27650, 4*j + 34*t = 35*t + 55321. What is the units digit of j?
2
Let d(c) = -c**3 - 9*c**2 - 10*c - 12. Let s be d(-8). Suppos